3?
8
What is the thousands digit of 3953686014?
6
What is the ten thousands digit of 50706353?
0
What is the units digit of 356937819?
9
What is the units digit of 5875104?
4
What is the millions digit of 2208513747?
8
What is the thousands digit of 506358583?
8
What is the tens digit of 159545545?
4
What is the units digit of 1796527892?
2
What is the hundred millions digit of 6397137949?
3
What is the thousands digit of 1138746359?
6
What is the thousands digit of 72574803?
4
What is the hundred millions digit of 1306234261?
3
What is the millions digit of 609793303?
9
What is the units digit of 729741133?
3
What is the millions digit of 3431910085?
1
What is the millions digit of 1033719630?
3
What is the hundred millions digit of 1010034776?
0
What is the millions digit of 13317874?
3
What is the hundred thousands digit of 476314766?
3
What is the tens digit of 1322836608?
0
What is the hundred thousands digit of 1267877541?
8
What is the tens digit of 2137212?
1
What is the units digit of 511779672?
2
What is the hundreds digit of 11745848?
8
What is the thousands digit of 2132231207?
1
What is the ten thousands digit of 50443834?
4
What is the hundreds digit of 49825023?
0
What is the ten thousands digit of 54905328?
0
What is the millions digit of 23135385?
3
What is the tens digit of 1294586111?
1
What is the units digit of 369533174?
4
What is the hundred thousands digit of 389320462?
3
What is the hundred thousands digit of 819365989?
3
What is the tens digit of 93772341?
4
What is the tens digit of 140501905?
0
What is the ten thousands digit of 42071899?
7
What is the hundred millions digit of 2065088840?
0
What is the ten millions digit of 25027687?
2
What is the hundred thousands digit of 10889484?
8
What is the thousands digit of 15824031?
4
What is the thousands digit of 38376533?
6
What is the billions digit of 3865990407?
3
What is the hundreds digit of 2880256308?
3
What is the tens digit of 68748156?
5
What is the thousands digit of 838746800?
6
What is the ten thousands digit of 50603114?
0
What is the ten thousands digit of 192547093?
4
What is the hundred thousands digit of 56946000?
9
What is the units digit of 1184450822?
2
What is the millions digit of 20005466?
0
What is the ten millions digit of 2422686863?
2
What is the tens digit of 367545655?
5
What is the ten thousands digit of 3616637667?
3
What is the thousands digit of 60344222?
4
What is the hundred thousands digit of 3252211508?
2
What is the thousands digit of 31859901?
9
What is the thousands digit of 174419020?
9
What is the hundred thousands digit of 130881634?
8
What is the hundred thousands digit of 254963415?
9
What is the hundred millions digit of 904915911?
9
What is the ten thousands digit of 272373935?
7
What is the ten thousands digit of 60676826?
7
What is the ten thousands digit of 127988199?
8
What is the units digit of 449189?
9
What is the millions digit of 60322296?
0
What is the ten thousands digit of 2032138310?
3
What is the ten thousands digit of 1449558191?
5
What is the ten thousands digit of 990473488?
7
What is the hundred thousands digit of 47921330?
9
What is the units digit of 250926872?
2
What is the ten thousands digit of 69763057?
6
What is the thousands digit of 71487768?
7
What is the hundreds digit of 44558924?
9
What is the tens digit of 37267012?
1
What is the hundred millions digit of 694940735?
6
What is the ten thousands digit of 6319940?
1
What is the tens digit of 266267094?
9
What is the thousands digit of 60856526?
6
What is the units digit of 38788454?
4
What is the millions digit of 53235006?
3
What is the thousands digit of 1070555429?
5
What is the units digit of 46455339?
9
What is the ten millions digit of 39614395?
3
What is the hundred thousands digit of 52082116?
0
What is the ten thousands digit of 384157767?
5
What is the ten thousands digit of 3545141153?
4
What is the hundred thousands digit of 208322243?
3
What is the ten thousands digit of 22218043?
1
What is the hundred thousands digit of 65328993?
3
What is the units digit of 96247964?
4
What is the ten thousands digit of 4562662?
6
What is the ten millions digit of 83898360?
8
What is the hundred millions digit of 479478573?
4
What is the thousands digit of 9843043?
3
What is the tens digit of 411122?
2
What is the units digit of 332768870?
0
What is the ten thousands digit of 56300547?
0
What is the ten millions digit of 73983193?
7
What is the thousands digit of 2881738382?
8
What is the tens digit of 382422360?
6
What is the thousands digit of 120438925?
8
What is the hundred thousands digit of 4336990509?
9
What is the tens digit of 61014607?
0
What is the hundred thousands digit of 3961660415?
6
What is the ten thousands digit of 252242?
5
What is the thousands digit of 497916416?
6
What is the hundred millions digit of 611393349?
6
What is the millions digit of 3303229381?
3
What is the millions digit of 16739104?
6
What is the tens digit of 512300466?
6
What is the ten thousands digit of 3563590268?
9
What is the units digit of 123957278?
8
What is the ten millions digit of 52827212?
5
What is the millions digit of 162555358?
2
What is the thousands digit of 31538884?
8
What is the hundreds digit of 27277033?
0
What is the ten millions digit of 2438122669?
3
What is the ten thousands digit of 4299031?
9
What is the hundred millions digit of 117134857?
1
What is the ten thousands digit of 11875071?
7
What is the thousands digit of 49817395?
7
What is the millions digit of 179883399?
9
What is the hundred thousands digit of 73941275?
9
What is the hundreds digit of 149757469?
4
What is the thousands digit of 83295818?
5
What is the units digit of 35429440?
0
What is the millions digit of 76839780?
6
What is the thousands digit of 86665681?
5
What is the units digit of 7024125291?
1
What is the tens digit of 10178900?
0
What is the hundred thousands digit of 3547139681?
1
What is the hundreds digit of 2637343?
3
What is the hundreds digit of 385499607?
6
What is the hundred millions digit of 1915357400?
9
What is the millions digit of 234794885?
4
What is the hundreds digit of 849893386?
3
What is the units digit of 1192205471?
1
What is the millions digit of 689901649?
9
What is the thousands digit of 3817530246?
0
What is the millions digit of 60009930?
0
What is the thousands digit of 4873476156?
6
What is the ten millions digit of 356520948?
5
What is the hundred millions digit of 124266102?
1
What is the millions digit of 8186342835?
6
What is the thousands digit of 1083646695?
6
What is the hundred millions digit of 468435221?
4
What is the hundreds digit of 3478450152?
1
What is the units digit of 37716333?
3
What is the hundreds digit of 95739039?
0
What is the hundred thousands digit of 11158225?
1
What is the units digit of 468897410?
0
What is the hundred thousands digit of 1869576?
8
What is the billions digit of 1482090065?
1
What is the thousands digit of 16185941?
5
What is the ten millions digit of 189093411?
8
What is the tens digit of 559269650?
5
What is the tens digit of 2135132651?
5
What is the hundred thousands digit of 35978152?
9
What is the units digit of 40196577?
7
What is the hundred millions digit of 8354140561?
3
What is the ten thousands digit of 114749495?
4
What is the hundreds digit of 282501620?
6
What is the tens digit of 219051774?
7
What is the tens digit of 1137118047?
4
What is the thousands digit of 94060287?
0
What is the units digit of 1338671?
1
What is the tens digit of 83370752?
5
What is the units digit of 1451893121?
1
What is the ten millions digit of 5211964677?
1
What is the tens digit of 176146703?
0
What is the ten millions digit of 1250459040?
5
What is the ten thousands digit of 64511276?
1
What is the tens digit of 35366582?
8
What is the hundreds digit of 190498722?
7
What is the thousands digit of 156963179?
3
What is the tens digit of 496877632?
3
What is the tens digit of 1034413561?
6
What is the millions digit of 46416778?
6
What is the hundred millions digit of 3171702491?
1
What is the units digit of 28421090?
0
What is the thousands digit of 518597350?
7
What is the units digit of 3300732567?
7
What is the millions digit of 73616383?
3
What is the millions digit of 1262701